
False
Does 24 divide 44969112?
True
Does 1682 divide 2026376115?
False
Is 45494064 a multiple of 336?
True
Does 306 divide 401196906?
True
Does 24 divide 5189304?
True
Is 663 a factor of 61806186?
True
Does 801 divide 136010601?
True
Is 149973258 a multiple of 1382?
True
Does 2287 divide 24699600?
True
Is 369436399 a multiple of 722?
False
Does 18 divide 778796899?
False
Does 214 divide 271104830?
True
Is 471794890 a multiple of 310?
True
Is 568060716 a multiple of 69?
True
Is 269170312 a multiple of 5?
False
Is 3005 a factor of 49738760?
True
Is 1130 a factor of 35778372?
False
Does 6 divide 215757340?
False
Is 2946814 a multiple of 34?
True
Is 349232408 a multiple of 3752?
True
Does 14 divide 7683466?
True
Is 28578193 a multiple of 7?
True
Is 39 a factor of 100457753?
False
Is 1677 a factor of 2539348617?
True
Is 5056612 a multiple of 181?
False
Is 70 a factor of 3474030?
True
Is 2178712705 a multiple of 325?
False
Does 203 divide 468595705?
False
Is 17 a factor of 396343814?
True
Is 129 a factor of 251839388?
False
Is 20459864 a multiple of 48?
False
Is 10 a factor of 431670?
True
Is 43 a factor of 12606534?
False
Is 39 a factor of 913296586?
False
Does 914 divide 27982067?
False
Is 19117591 a multiple of 179?
False
Is 1172618800 a multiple of 48?
False
Is 3194 a factor of 189094382?
True
Is 23 a factor of 730611138?
False
Is 22594038 a multiple of 193?
False
Is 2856 a factor of 5454960?
True
Is 54 a factor of 1274769?
False
Is 537664518 a multiple of 18?
True
Is 8 a factor of 43662056?
True
Is 254 a factor of 20074890?
True
Is 74117086 a multiple of 266?
False
Is 1187 a factor of 85595818?
False
Does 931 divide 270987198?
False
Is 20486170 a multiple of 25?
False
Does 2858 divide 7533440?
False
Is 332 a factor of 132723972?
True
Is 13 a factor of 4953613?
False
Does 348 divide 1250705225?
False
Is 11 a factor of 616719348?
False
Is 336 a factor of 70423988?
False
Is 128504846 a multiple of 248?
False
Is 2510759012 a multiple of 799?
False
Is 5324520 a multiple of 20?
True
Is 147789582 a multiple of 23?
True
Is 1011 a factor of 339656571?
True
Is 16 a factor of 168369278?
False
Does 30 divide 18917326?
False
Is 1887883465 a multiple of 13?
True
Does 40 divide 496474468?
False
Does 700 divide 2287006400?
True
Is 16 a factor of 61866832?
True
Is 17 a factor of 645893?
False
Is 42 a factor of 456905433?
False
Is 71 a factor of 1380442918?
True
Does 83 divide 1032456090?
True
Is 337 a factor of 32567006?
True
Does 1717 divide 191866179?
False
Does 81 divide 256279950?
True
Does 76 divide 34939024?
True
Does 2771 divide 1532745366?
False
Does 79 divide 5409447?
False
Is 26585159 a multiple of 3393?
False
Does 34 divide 146388972?
True
Is 97349389 a multiple of 21?
False
Does 378 divide 15481886?
False
Is 9384324 a multiple of 2?
True
Does 718 divide 32677799?
False
Does 12 divide 89800249?
False
Is 74 a factor of 2794368094?
True
Does 11 divide 70873993?
False
Is 286983327 a multiple of 42?
False
Is 14445923 a multiple of 466?
False
Is 27 a factor of 19607316?
False
Does 2 divide 316533553?
False
Is 13707555 a multiple of 25?
False
Does 17 divide 67272527?
False
Is 4276312 a multiple of 5?
False
Is 5 a factor of 72652070?
True
Is 6153586147 a multiple of 3705?
False
Is 179 a factor of 14447868?
False
Does 1125 divide 3332697970?
False
Is 164315404 a multiple of 4301?
True
Is 1162381528 a multiple of 404?
True
Is 339 a factor of 49912689?
False
Is 39452920 a multiple of 5?
True
Is 189240602 a multiple of 29?
True
Does 609 divide 448423016?
False
Does 1236 divide 10126160?
False
Does 57 divide 264478233?
True
Is 1389757565 a multiple of 3199?
True
Is 2173072158 a multiple of 8534?
True
Does 32 divide 16990944?
True
Is 2882763 a multiple of 297?
False
Does 12 divide 34897332?
True
Does 33 divide 3235108675?
False
Does 1396 divide 130539458?
False
Does 5 divide 4417823?
False
Is 16 a factor of 3902474667?
False
Is 525603753 a multiple of 16?
False
Is 1760 a factor of 2155141250?
False
Is 803105 a multiple of 13?
False
Is 1223418 a multiple of 6?
True
Is 1164500766 a multiple of 627?
True
Does 949 divide 13366665?
True
Does 24 divide 35601810?
False
Is 125669574 a multiple of 2000?
False
Does 2599 divide 454104737?
False
Does 39 divide 109957848?
True
Is 2354 a factor of 1755060010?
True
Is 715946322 a multiple of 78?
True
Is 87935118 a multiple of 695?
False
Does 63 divide 19364310?
True
Does 4439 divide 229459772?
False
Is 3081 a factor of 429487889?
False
Does 42 divide 97587588?
True
Does 64 divide 46662656?
True
Is 28 a factor of 61384092?
True
Is 67 a factor of 18130911?
False
Is 847 a factor of 8580091?
False
Is 32106386 a multiple of 12?
False
Does 1113 divide 72330531?
True
Does 30 divide 21432240?
True
Is 355 a factor of 84839320?
True
Does 46 divide 31397668?
True
Is 950 a factor of 233770300?
True
Is 70 a factor of 48637260?
True
Is 143 a factor of 4561414?
True
Is 182 a factor of 31056225?
False
Is 51100254 a multiple of 54?
True
Does 278 divide 26044708?
True
Is 7 a factor of 554598203?
False
Does 2349 divide 19795951?
False
Is 4398 a factor of 30491334?
True
Is 34 a factor of 157937713?
False
Is 25470224 a multiple of 22?
False
Does 1178 divide 3185337?
False
Is 38 a factor of 35073690?
False
Is 4304998 a multiple of 64?
False
Does 452 divide 56122580?
True
Does 538 divide 35280974?
False
Is 2429 a factor of 390374223?
False
Is 14423971 a multiple of 36?
False
Is 114467564 a multiple of 10?
False
Is 70984883 a multiple of 1985?
False
Does 67 divide 20976293?
True
Is 25 a factor of 638932550?
True
Is 8 a factor of 23553575?
False
Is 17 a factor of 61173531?
True
Is 107708596 a multiple of 84?
False
Is 23450249 a multiple of 172?
False
Does 2564 divide 279919572?
True
Does 26 divide 29678395?
False
Does 201 divide 7294290?
True
Is 1584618630 a multiple of 42?
True
Is 1062 a factor of 21463020?
True
Is 5007544 a multiple of 8?
True
Does 68 divide 83131302?
False
Is 5 a factor of 52704355?
True
Is 1424254786 a multiple of 6029?
True
Does 1839 divide 434750634?
True
Does 165 divide 101633485?
False
Is 34 a factor of 53550?
True
Does 1044 divide 485160372?
True
Is 129480 a multiple of 40?
True
Is 974068818 a multiple of 4068?
False
Is 108 a factor of 2740284?
True
Does 321 divide 49891440?
False
Is 6 a factor of 54227562?
True
Is 192 a factor of 6164736?
True
Does 6 divide 32238060?
True
Does 86 divide 36491778?
True
Is 1331 a factor of 22867997?
False
Does 70 divide 41698195?
False
Does 5 divide 30529000?
True
Does 181 divide 329699464?
True
Does 158 divide 45494994?
True
Does 2 divide 436089362?
True
Is 28840170 a multiple of 15?
True
Is 3 a factor of 105353117?
False
Does 105 divide 102785760?
True
Does 59 divide 4004049?
False
Does 23 divide 966814706?
True
Does 1277 divide 87031334?
False
Is 27 a factor of 93870495?
True
Is 1988 a factor of 2577947793?
False
Is 33 a factor of 28579716?
True
Does 4186 divide 852266725?
False
Is 80 a factor of 33318400?
True
Is 6151 a factor of 1926185650?
True
Does 88 divide 972472930?
False
Is 2523873226 a multiple of 13729?
False
Does 97 divide 7043042?
False
Is 730248948 a multiple of 44?
True
Is 2 a factor of 15614553?
False
Does 19 divide 2831121?
False
Is 32937247 a multiple of 166?
False
Does 5097 divide 137374624?
False
Is 817634268 a multiple of 23?
True
Is 209 a factor of 76688161?
True
Is 49976960 a multiple of 1240?
True
Is 491 a factor of 449255683?
False
Does 8 divide 39595976?
True
Is 26213176 a multiple of 22?
True
Is 2080259772 a multiple of 1334?
False
Is 1001393037 even?
False
Is 274 a factor of 22601164?
True
Does 2552 divide 1061514608?
True
Is 59584336 a multiple of 2032?
True
Is 17 a factor of 293002929?
False
Is 280 a factor of 1017800?
True
Is 3027 a factor of 2088387840?
True
Is 135718093 a multiple of 7?
True
Is 730 a factor of 21995719?
False
Does 28 divide 21953876?
True
Is 52723890 a multiple of 15?
True
Is 2241630747 a multiple of 4347?
False
Is 278 a factor of 196584517?
False
Is 30 a factor of 5823533455?
False
Does 5 divide 118807920?
True
Is 19 a factor of 157693122?
True
Is 691 a factor of 3935936?
True
Is 46391670 a multiple of 351?
True
Is 217506157 a multiple of 82?
False
Does 532 divide 28096983?
False
Is 60804312 a multiple of 328?
True
Does 673 divide 77467